{"id":348,"date":"2025-11-25T15:24:04","date_gmt":"2025-11-25T15:24:04","guid":{"rendered":"https:\/\/optimize-construction.dz\/?page_id=348"},"modified":"2025-11-26T12:48:21","modified_gmt":"2025-11-26T12:48:21","slug":"cabines-modulaires-bases-de-vie","status":"publish","type":"page","link":"https:\/\/optimize-construction.dz\/index.php\/services\/cabines-modulaires-bases-de-vie\/","title":{"rendered":"Cabines Modulaires &amp; Bases de Vie"},"content":{"rendered":"\t\t<div data-elementor-type=\"wp-page\" data-elementor-id=\"348\" class=\"elementor elementor-348\">\n\t\t\t\t<div class=\"elementor-element elementor-element-7fdca554 e-flex e-con-boxed e-con e-parent\" data-id=\"7fdca554\" data-element_type=\"container\" data-e-type=\"container\">\n\t\t\t\t\t<div class=\"e-con-inner\">\n\t\t\t\t<div class=\"elementor-element elementor-element-2cbf6b5 premium-header-block elementor-widget__width-initial premium-lq__none premium-box-lq__none elementor-widget elementor-widget-premium-addon-dual-header\" data-id=\"2cbf6b5\" data-element_type=\"widget\" data-e-type=\"widget\" data-widget_type=\"premium-addon-dual-header.default\">\n\t\t\t\t\t\n\t\t<div class=\"elementor-widget-container\">\n\t\t\t\t\t<h2 class=\"premium-dual-header-first-header \"><span class=\"premium-dual-header-first-span\"> <\/span><span class=\"premium-dual-header-second-header \">Solutions Compl\u00e8tes en Cabines Modulaires, Bases de Vie et Postes de Garde<\/span><\/h2> \t\t\t\t<\/div>\n\n\t\t\t\t\t\t<\/div>\n\t\t\t\t<div class=\"elementor-element elementor-element-69ef6de3 elementor-widget__width-initial elementor-widget elementor-widget-text-editor\" data-id=\"69ef6de3\" data-element_type=\"widget\" data-e-type=\"widget\" data-widget_type=\"text-editor.default\">\n\t\t\t\t<div class=\"elementor-widget-container\">\n\t\t\t\t\t\t\t\t\t<p>Fabrication industrielle, installation rapide et options personnalis\u00e9es pour entreprises et administrations. Des espaces pr\u00eats \u00e0 l\u2019emploi, adapt\u00e9s \u00e0 tous les environnements.<\/p>\t\t\t\t\t\t\t\t<\/div>\n\t\t\t\t<\/div>\n\t\t\t\t<div class=\"elementor-element elementor-element-4b223df5 elementor-widget elementor-widget-spacer\" data-id=\"4b223df5\" data-element_type=\"widget\" data-e-type=\"widget\" data-widget_type=\"spacer.default\">\n\t\t\t\t<div class=\"elementor-widget-container\">\n\t\t\t\t\t\t\t<div class=\"elementor-spacer\">\n\t\t\t<div class=\"elementor-spacer-inner\"><\/div>\n\t\t<\/div>\n\t\t\t\t\t\t<\/div>\n\t\t\t\t<\/div>\n\t\t<div class=\"elementor-element elementor-element-347c8545 e-con-full e-flex e-con e-child\" data-id=\"347c8545\" data-element_type=\"container\" data-e-type=\"container\" id=\"woo-add-to-cart\">\n\t\t<div class=\"elementor-element elementor-element-73465bef e-con-full e-flex e-con e-child\" data-id=\"73465bef\" data-element_type=\"container\" data-e-type=\"container\">\n\t\t\t\t<div class=\"elementor-element elementor-element-438e43ab premium-header-block elementor-widget__width-initial premium-lq__none premium-box-lq__none elementor-widget elementor-widget-premium-addon-dual-header\" data-id=\"438e43ab\" data-element_type=\"widget\" data-e-type=\"widget\" data-widget_type=\"premium-addon-dual-header.default\">\n\t\t\t\t\t\n\t\t<div class=\"elementor-widget-container\">\n\t\t\t\t\t<h2 class=\"premium-dual-header-first-header \"><span class=\"premium-dual-header-first-span\"> <\/span><span class=\"premium-dual-header-second-header \">Ce que nous fabriquons<\/span><\/h2> \t\t\t\t<\/div>\n\n\t\t\t\t\t\t<\/div>\n\t\t\t\t<div class=\"elementor-element elementor-element-5bde3d45 elementor-widget__width-initial elementor-widget elementor-widget-text-editor\" data-id=\"5bde3d45\" data-element_type=\"widget\" data-e-type=\"widget\" data-widget_type=\"text-editor.default\">\n\t\t\t\t<div class=\"elementor-widget-container\">\n\t\t\t\t\t\t\t\t\t<ul><li>Cabines Modulaires : Cabines con\u00e7ues pour servir de bureaux, postes de garde, salles de contr\u00f4le ou points d\u2019accueil. Structure robuste, finition soign\u00e9e et installation imm\u00e9diate.<\/li><li>Bases de Vie : Espaces habitables pour chantiers ou sites isol\u00e9s : dortoirs, sanitaires, vestiaires, salles de repos. Confort, hygi\u00e8ne et durabilit\u00e9 r\u00e9unis dans des modules optimis\u00e9s.<\/li><li>Cabines Sur Mesure :Fabrication adapt\u00e9e \u00e0 vos besoins sp\u00e9cifiques : dimensions, mat\u00e9riaux, isolation, \u00e9quipements int\u00e9rieurs. Chaque projet est \u00e9tudi\u00e9 et r\u00e9alis\u00e9 selon vos exigences.<\/li><\/ul>\t\t\t\t\t\t\t\t<\/div>\n\t\t\t\t<\/div>\n\t\t\t\t<\/div>\n\t\t<div class=\"elementor-element elementor-element-43afa397 e-con-full e-flex e-con e-child\" data-id=\"43afa397\" data-element_type=\"container\" data-e-type=\"container\">\n\t\t\t\t<div class=\"elementor-element elementor-element-5fbf84c2 elementor-widget elementor-widget-image\" data-id=\"5fbf84c2\" data-element_type=\"widget\" data-e-type=\"widget\" data-widget_type=\"image.default\">\n\t\t\t\t<div class=\"elementor-widget-container\">\n\t\t\t\t\t\t\t\t\t\t\t\t\t\t\t<img fetchpriority=\"high\" decoding=\"async\" width=\"800\" height=\"370\" src=\"https:\/\/optimize-construction.dz\/wp-content\/uploads\/2025\/01\/1664815063581.jpg\" class=\"attachment-large size-large wp-image-24\" alt=\"\" srcset=\"https:\/\/optimize-construction.dz\/wp-content\/uploads\/2025\/01\/1664815063581.jpg 800w, https:\/\/optimize-construction.dz\/wp-content\/uploads\/2025\/01\/1664815063581-300x139.jpg 300w, https:\/\/optimize-construction.dz\/wp-content\/uploads\/2025\/01\/1664815063581-768x355.jpg 768w\" sizes=\"(max-width: 800px) 100vw, 800px\" \/>\t\t\t\t\t\t\t\t\t\t\t\t\t\t\t<\/div>\n\t\t\t\t<\/div>\n\t\t\t\t<\/div>\n\t\t\t\t<\/div>\n\t\t<div class=\"elementor-element elementor-element-63bd535a e-con-full e-flex e-con e-child\" data-id=\"63bd535a\" data-element_type=\"container\" data-e-type=\"container\" id=\"woo-add-to-wishlist\">\n\t\t<div class=\"elementor-element elementor-element-27fbfbcf e-con-full e-flex e-con e-child\" data-id=\"27fbfbcf\" data-element_type=\"container\" data-e-type=\"container\">\n\t\t\t\t<div class=\"elementor-element elementor-element-5924a163 premium-header-block elementor-widget__width-initial premium-lq__none premium-box-lq__none elementor-widget elementor-widget-premium-addon-dual-header\" data-id=\"5924a163\" data-element_type=\"widget\" data-e-type=\"widget\" data-widget_type=\"premium-addon-dual-header.default\">\n\t\t\t\t\t\n\t\t<div class=\"elementor-widget-container\">\n\t\t\t\t\t<h2 class=\"premium-dual-header-first-header \"><span class=\"premium-dual-header-first-span\"> <\/span><span class=\"premium-dual-header-second-header \">Pourquoi nous choisir<\/span><\/h2> \t\t\t\t<\/div>\n\n\t\t\t\t\t\t<\/div>\n\t\t\t\t<div class=\"elementor-element elementor-element-7ed8a5db elementor-widget__width-initial elementor-widget elementor-widget-text-editor\" data-id=\"7ed8a5db\" data-element_type=\"widget\" data-e-type=\"widget\" data-widget_type=\"text-editor.default\">\n\t\t\t\t<div class=\"elementor-widget-container\">\n\t\t\t\t\t\t\t\t\t<ol><li>Qualit\u00e9 Durable :<p data-start=\"1090\" data-end=\"1255\">Mat\u00e9riaux industriels r\u00e9sistants, adapt\u00e9s aux conditions difficiles. Nos cabines sont pens\u00e9es pour durer.<\/p><\/li><li>Isolation Optimis\u00e9e :<p data-start=\"1257\" data-end=\"1356\">Solutions thermiques et acoustiques pour un confort r\u00e9el en toute saison.<\/p><\/li><li>Livraison &amp; Installation Rapides:<p data-start=\"1358\" data-end=\"1479\">Fabrication en usine, assemblage sur site et mise en service en un d\u00e9lai ma\u00eetris\u00e9.<\/p><\/li><li>Personnalisation Totale:<p data-start=\"1481\" data-end=\"1595\">Choix des finitions, cloisons, ouvertures, \u00e9quipements \u00e9lectriques et climatisation.<\/p><\/li><\/ol>\t\t\t\t\t\t\t\t<\/div>\n\t\t\t\t<\/div>\n\t\t\t\t<\/div>\n\t\t<div class=\"elementor-element elementor-element-4a340833 e-con-full e-flex e-con e-child\" data-id=\"4a340833\" data-element_type=\"container\" data-e-type=\"container\">\n\t\t\t\t<div class=\"elementor-element elementor-element-cc2cd6c elementor-widget elementor-widget-image\" data-id=\"cc2cd6c\" data-element_type=\"widget\" data-e-type=\"widget\" data-widget_type=\"image.default\">\n\t\t\t\t<div class=\"elementor-widget-container\">\n\t\t\t\t\t\t\t\t\t\t\t\t\t\t\t<img decoding=\"async\" width=\"800\" height=\"370\" src=\"https:\/\/optimize-construction.dz\/wp-content\/uploads\/2025\/01\/1701343689936.jpg\" class=\"attachment-large size-large wp-image-32\" alt=\"\" srcset=\"https:\/\/optimize-construction.dz\/wp-content\/uploads\/2025\/01\/1701343689936.jpg 800w, https:\/\/optimize-construction.dz\/wp-content\/uploads\/2025\/01\/1701343689936-300x139.jpg 300w, https:\/\/optimize-construction.dz\/wp-content\/uploads\/2025\/01\/1701343689936-768x355.jpg 768w\" sizes=\"(max-width: 800px) 100vw, 800px\" \/>\t\t\t\t\t\t\t\t\t\t\t\t\t\t\t<\/div>\n\t\t\t\t<\/div>\n\t\t\t\t<\/div>\n\t\t\t\t<\/div>\n\t\t<div class=\"elementor-element elementor-element-55f567d3 e-con-full e-flex e-con e-child\" data-id=\"55f567d3\" data-element_type=\"container\" data-e-type=\"container\" id=\"woo-add-to-compare\">\n\t\t<div class=\"elementor-element elementor-element-6d5806d6 e-con-full e-flex e-con e-child\" data-id=\"6d5806d6\" data-element_type=\"container\" data-e-type=\"container\">\n\t\t\t\t<div class=\"elementor-element elementor-element-20b53412 premium-header-block elementor-widget__width-initial premium-lq__none premium-box-lq__none elementor-widget elementor-widget-premium-addon-dual-header\" data-id=\"20b53412\" data-element_type=\"widget\" data-e-type=\"widget\" data-widget_type=\"premium-addon-dual-header.default\">\n\t\t\t\t\t\n\t\t<div class=\"elementor-widget-container\">\n\t\t\t\t\t<h2 class=\"premium-dual-header-first-header \"><span class=\"premium-dual-header-first-span\"> <\/span><span class=\"premium-dual-header-second-header \">Processus de fabrication<\/span><\/h2> \t\t\t\t<\/div>\n\n\t\t\t\t\t\t<\/div>\n\t\t\t\t<div class=\"elementor-element elementor-element-6cc36d07 elementor-widget__width-initial elementor-widget elementor-widget-text-editor\" data-id=\"6cc36d07\" data-element_type=\"widget\" data-e-type=\"widget\" data-widget_type=\"text-editor.default\">\n\t\t\t\t<div class=\"elementor-widget-container\">\n\t\t\t\t\t\t\t\t\t<p>Notre \u00e9quipe prend en charge l\u2019int\u00e9gralit\u00e9 du projet :<br data-start=\"1697\" data-end=\"1700\" \/>\u2022 Conception technique<br data-start=\"1722\" data-end=\"1725\" \/>\u2022 Fabrication en atelier<br data-start=\"1749\" data-end=\"1752\" \/>\u2022 Assemblage et installation sur votre site<br data-start=\"1795\" data-end=\"1798\" \/>\u2022 Contr\u00f4le qualit\u00e9 \u00e0 chaque \u00e9tape<br data-start=\"1831\" data-end=\"1834\" \/>\u2022 Suivi et assistance apr\u00e8s installation<\/p>\t\t\t\t\t\t\t\t<\/div>\n\t\t\t\t<\/div>\n\t\t\t\t<\/div>\n\t\t<div class=\"elementor-element elementor-element-451fd37 e-con-full e-flex e-con e-child\" data-id=\"451fd37\" data-element_type=\"container\" data-e-type=\"container\">\n\t\t\t\t<div class=\"elementor-element elementor-element-36aaaf6 premium-header-block elementor-widget__width-initial premium-lq__none premium-box-lq__none elementor-widget elementor-widget-premium-addon-dual-header\" data-id=\"36aaaf6\" data-element_type=\"widget\" data-e-type=\"widget\" data-widget_type=\"premium-addon-dual-header.default\">\n\t\t\t\t\t\n\t\t<div class=\"elementor-widget-container\">\n\t\t\t\t\t<h2 class=\"premium-dual-header-first-header \"><span class=\"premium-dual-header-first-span\"> <\/span><span class=\"premium-dual-header-second-header \">Domaines d\u2019utilisation<\/span><\/h2> \t\t\t\t<\/div>\n\n\t\t\t\t\t\t<\/div>\n\t\t\t\t<div class=\"elementor-element elementor-element-f2b3850 elementor-widget__width-initial elementor-widget elementor-widget-text-editor\" data-id=\"f2b3850\" data-element_type=\"widget\" data-e-type=\"widget\" data-widget_type=\"text-editor.default\">\n\t\t\t\t<div class=\"elementor-widget-container\">\n\t\t\t\t\t\t\t\t\t<p>Nos solutions sont utilis\u00e9es dans divers secteurs :<br data-start=\"1971\" data-end=\"1974\" \/>\u2022 Chantier BTP<br data-start=\"1988\" data-end=\"1991\" \/>\u2022 Sites industriels<br data-start=\"2010\" data-end=\"2013\" \/>\u2022 Administrations publiques<br data-start=\"2040\" data-end=\"2043\" \/>\u2022 Projets temporaires et installations longue dur\u00e9e<br data-start=\"2094\" data-end=\"2097\" \/>\u2022 Zones \u00e9loign\u00e9es ou difficiles d\u2019acc\u00e8s<\/p>\t\t\t\t\t\t\t\t<\/div>\n\t\t\t\t<\/div>\n\t\t\t\t<\/div>\n\t\t<div class=\"elementor-element elementor-element-f1d1040 e-con-full e-flex e-con e-child\" data-id=\"f1d1040\" data-element_type=\"container\" data-e-type=\"container\">\n\t\t\t\t<div class=\"elementor-element elementor-element-475d7d1 premium-header-block elementor-widget__width-initial premium-lq__none premium-box-lq__none elementor-widget elementor-widget-premium-addon-dual-header\" data-id=\"475d7d1\" data-element_type=\"widget\" data-e-type=\"widget\" data-widget_type=\"premium-addon-dual-header.default\">\n\t\t\t\t\t\n\t\t<div class=\"elementor-widget-container\">\n\t\t\t\t\t<h2 class=\"premium-dual-header-first-header \"><span class=\"premium-dual-header-first-span\"> <\/span><span class=\"premium-dual-header-second-header \">Engagements<\/span><\/h2> \t\t\t\t<\/div>\n\n\t\t\t\t\t\t<\/div>\n\t\t\t\t<div class=\"elementor-element elementor-element-9ebb765 elementor-widget__width-initial elementor-widget elementor-widget-text-editor\" data-id=\"9ebb765\" data-element_type=\"widget\" data-e-type=\"widget\" data-widget_type=\"text-editor.default\">\n\t\t\t\t<div class=\"elementor-widget-container\">\n\t\t\t\t\t\t\t\t\t<p data-start=\"2143\" data-end=\"2331\">Nous garantissons :<br data-start=\"2190\" data-end=\"2193\" \/>\u2022 Respect des d\u00e9lais<br data-start=\"2213\" data-end=\"2216\" \/>\u2022 Standards de s\u00e9curit\u00e9 \u00e9lev\u00e9s<br data-start=\"2246\" data-end=\"2249\" \/>\u2022 Service client r\u00e9actif<br data-start=\"2273\" data-end=\"2276\" \/>\u2022 Produits certifi\u00e9s et conformes aux normes en vigueur<\/p>\t\t\t\t\t\t\t\t<\/div>\n\t\t\t\t<\/div>\n\t\t\t\t<\/div>\n\t\t\t\t<\/div>\n\t\t\t\t\t<\/div>\n\t\t\t\t<\/div>\n\t\t\t\t<\/div>\n\t\t","protected":false},"excerpt":{"rendered":"<p>Solutions Compl\u00e8tes en Cabines Modulaires, Bases de Vie et Postes de Garde Fabrication industrielle, installation rapide et options personnalis\u00e9es pour [&hellip;]<\/p>\n","protected":false},"author":1,"featured_media":0,"parent":11,"menu_order":0,"comment_status":"closed","ping_status":"closed","template":"elementor_header_footer","meta":{"site-sidebar-layout":"no-sidebar","site-content-layout":"","ast-site-content-layout":"full-width-container","site-content-style":"default","site-sidebar-style":"default","ast-global-header-display":"","ast-banner-title-visibility":"","ast-main-header-display":"","ast-hfb-above-header-display":"","ast-hfb-below-header-display":"","ast-hfb-mobile-header-display":"","site-post-title":"disabled","ast-breadcrumbs-content":"","ast-featured-img":"disabled","footer-sml-layout":"","ast-disable-related-posts":"","theme-transparent-header-meta":"","adv-header-id-meta":"","stick-header-meta":"","header-above-stick-meta":"","header-main-stick-meta":"","header-below-stick-meta":"","astra-migrate-meta-layouts":"default","ast-page-background-enabled":"default","ast-page-background-meta":{"desktop":{"background-color":"var(--ast-global-color-5)","background-image":"","background-repeat":"repeat","background-position":"center center","background-size":"auto","background-attachment":"scroll","background-type":"","background-media":"","overlay-type":"","overlay-color":"","overlay-opacity":"","overlay-gradient":""},"tablet":{"background-color":"","background-image":"","background-repeat":"repeat","background-position":"center center","background-size":"auto","background-attachment":"scroll","background-type":"","background-media":"","overlay-type":"","overlay-color":"","overlay-opacity":"","overlay-gradient":""},"mobile":{"background-color":"","background-image":"","background-repeat":"repeat","background-position":"center center","background-size":"auto","background-attachment":"scroll","background-type":"","background-media":"","overlay-type":"","overlay-color":"","overlay-opacity":"","overlay-gradient":""}},"ast-content-background-meta":{"desktop":{"background-color":"var(--ast-global-color-4)","background-image":"","background-repeat":"repeat","background-position":"center center","background-size":"auto","background-attachment":"scroll","background-type":"","background-media":"","overlay-type":"","overlay-color":"","overlay-opacity":"","overlay-gradient":""},"tablet":{"background-color":"var(--ast-global-color-4)","background-image":"","background-repeat":"repeat","background-position":"center center","background-size":"auto","background-attachment":"scroll","background-type":"","background-media":"","overlay-type":"","overlay-color":"","overlay-opacity":"","overlay-gradient":""},"mobile":{"background-color":"var(--ast-global-color-4)","background-image":"","background-repeat":"repeat","background-position":"center center","background-size":"auto","background-attachment":"scroll","background-type":"","background-media":"","overlay-type":"","overlay-color":"","overlay-opacity":"","overlay-gradient":""}},"footnotes":""},"class_list":["post-348","page","type-page","status-publish","hentry"],"_links":{"self":[{"href":"https:\/\/optimize-construction.dz\/index.php\/wp-json\/wp\/v2\/pages\/348","targetHints":{"allow":["GET"]}}],"collection":[{"href":"https:\/\/optimize-construction.dz\/index.php\/wp-json\/wp\/v2\/pages"}],"about":[{"href":"https:\/\/optimize-construction.dz\/index.php\/wp-json\/wp\/v2\/types\/page"}],"author":[{"embeddable":true,"href":"https:\/\/optimize-construction.dz\/index.php\/wp-json\/wp\/v2\/users\/1"}],"replies":[{"embeddable":true,"href":"https:\/\/optimize-construction.dz\/index.php\/wp-json\/wp\/v2\/comments?post=348"}],"version-history":[{"count":8,"href":"https:\/\/optimize-construction.dz\/index.php\/wp-json\/wp\/v2\/pages\/348\/revisions"}],"predecessor-version":[{"id":409,"href":"https:\/\/optimize-construction.dz\/index.php\/wp-json\/wp\/v2\/pages\/348\/revisions\/409"}],"up":[{"embeddable":true,"href":"https:\/\/optimize-construction.dz\/index.php\/wp-json\/wp\/v2\/pages\/11"}],"wp:attachment":[{"href":"https:\/\/optimize-construction.dz\/index.php\/wp-json\/wp\/v2\/media?parent=348"}],"curies":[{"name":"wp","href":"https:\/\/api.w.org\/{rel}","templated":true}]}}